{"id":1116676,"date":"2026-04-29T09:44:19","date_gmt":"2026-04-29T08:44:19","guid":{"rendered":"https:\/\/www.lehrcare.de\/job\/fachlehrkraefte-olk-verschiedene-faecher-sek-ii-bruessel-"},"modified":"2026-04-29T12:00:42","modified_gmt":"2026-04-29T11:00:42","slug":"fachlehrkraefte-olk-verschiedene-faecher-sek-ii-bruessel","status":"publish","type":"lcjobs","link":"https:\/\/www.lehrcare.de\/en\/job\/fachlehrkraefte-olk-verschiedene-faecher-sek-ii-bruessel-5406","title":{"rendered":"Fachlehrkr\u00e4fte (OLK) verschiedene F\u00e4cher SEK II Br\u00fcssel"},"content":{"rendered":"<p>DEUTSCHER SCHULVEREIN BR&Uuml;SSEL VZW<\/p>\n<p>Tr&auml;ger der INTERNATIONALEN DEUTSCHEN SCHULE BR&Uuml;SSEL &#8211; gegr&uuml;ndet 1951<\/p>\n<\/p>\n<p>Wezembeek-Oppem, April 2026<\/p>\n<\/p>\n<p>Eine Schule im Herzen Europas: Gegr&uuml;ndet 1803 ist die iDSB die &auml;lteste internationale Schule Br&uuml;ssels und seit 2008 zertifiziert als <b>\u201eExzellente Deutsche Auslandsschule\u201c<\/b>. Aktuell lernen auf dem gro&szlig;z&uuml;gigen Campusgel&auml;nde im gr&uuml;nen Br&uuml;sseler Vorort Wezembeek-Oppem etwa 560 Sch&uuml;ler*innen in kleinen Klassen und einer starken Schulgemeinschaft. Das Kollegium aus knapp 90 P&auml;dagog*innen wird von einem Verwaltungsteam und dem psychologisch-p&auml;dagogischen Dienst unterst&uuml;tzt. Die iDSB ist eine Ganztagsschule mit vielf&auml;ltigem extracurricul&auml;rem Angebot und vereint Bilinguale Vorschule, Grundschule und Oberschule unter einem Dach. Vergeben werden alle deutschen Schulabschl&uuml;sse bis zur Deutschen Internationalen Abiturpr&uuml;fung, unsere Unterrichtssprache ist Deutsch.<\/p>\n<\/p>\n<p>Die Internationale Deutsche Schule Br&uuml;ssel sucht <b>zu Beginn des Schuljahres 2026\/2027<\/b><\/p>\n<\/p>\n<p><b>Fachlehrkr&auml;fte (OLK) mit Lehrbef&auml;higung f&uuml;r Sek II in den Unterrichtsf&auml;chern<\/b><\/p>\n<p><b>Franz&ouml;sisch, Englisch, Sozialkunde\/Politik, Mathe (gerne mit Deutsch, Geschichte\/Geschichte bilingual, Sport als Beifach)<\/b><\/p>\n<p>in Voll-\/Teilzeit<\/p>\n<p><b>Ihre Aufgaben<\/b><\/p>\n<ul>\n<li>Als Teil unseres p&auml;dagogischen Teams der iDSB sind Sie innerhalb der genannten Fachbereiche f&uuml;r die eigenverantwortliche Gestaltung Ihres Unterrichts unter Ber&uuml;cksichtigung der deutschen Richtlinien verantwortlich. <\/li>\n<\/ul>\n<p><b>Ihr Profil<\/b><\/p>\n<ul>\n<li>Sie haben ein abgeschlossenes Lehramtsstudium (Master) und sind qualifiziert f&uuml;r den Unterricht in der Sekundarstufe II. <\/li>\n<li>Sie besitzen Erfahrung im Oberstufenunterricht und idealerweise in Vorbereitung\/Durchf&uuml;hrung des Abiturs. <\/li>\n<li>Sie verf&uuml;gen &uuml;ber Bereitschaft zur Klassen- und\/oder Fachschafts- und Sammlungsleitung. <\/li>\n<li>Sie sind belastbar, arbeiten eigenverantwortlich und zielorientiert. <\/li>\n<li>Im Umgang mit jungen Menschen sind Sie erfahren und aufgeschlossen f&uuml;r neue Lehr- und Lernmethoden. <\/li>\n<li>Sie haben belastbare Kenntnisse zumindest einer Fremdsprache (Englisch und\/oder Franz&ouml;sisch). <\/li>\n<\/ul>\n<p>Ihre aussagekr&auml;ftige <b>Bewerbung<\/b> (Motivationsschreiben, CV und relevante Zeugniskopien) schicken Sie uns bitte ausschlie&szlig;lich &uuml;ber unsere Bewerbungsplattform.<\/p>\n<p>Dazu nutzen Sie bitte den Bewerberbutton.<\/p>\n<\/p>\n<p>Bitte haben Sie Verst&auml;ndnis daf&uuml;r, dass ausschlie&szlig;lich Kandidatinnen und Kandidaten kontaktiert werden, die die in der Stellenanzeige genannten Voraussetzungen erf&uuml;llen. Eine Erstattung der Reisekosten im Zusammenhang mit der Vorstellung ist nicht vorgesehen.<\/p>\n<\/p>\n<p><b>Data Privacy<\/b><\/p>\n<p>Die personenbezogenen Daten, die Sie uns mit Ihrer Bewerbung &uuml;bermitteln, verwendet die Internationale Deutsche Schule Br&uuml;ssel zur Erf&uuml;llung ihrer Aufgaben, insbesondere zur Entscheidung &uuml;ber ein Besch&auml;ftigungsverh&auml;ltnis im Rahmen der vorliegenden Stellenanzeige, gem&auml;&szlig; der Europ&auml;ischen Datenschutzverordnung (General Data Protection Regulation) vom 24.05.2018.<\/p>\n<\/p>\n<p>Nach Abschluss des Auswahlverfahrens werden Bewerberdaten gel&ouml;scht, es sei denn, Sie geben in Ihrer Bewerbung schriftlich ausdr&uuml;cklich eine verl&auml;ngerte Aufbewahrungsfrist der Daten, z.B. f&uuml;r das kommende Schuljahr oder f&uuml;r eine spontane Vakanz im laufenden Schuljahr, an.<\/p>\n<\/p>\n<p><a href=\"\/en\/www.idsb.eu\/\"><font color=\"#0000ff\"><u><a href=\"http:\/\/www.idsb.eu\">www.idsb.eu<\/a><\/u><\/font><\/a><\/p>","protected":false},"featured_media":0,"template":"","class_list":["post-1116676","lcjobs","type-lcjobs","status-publish","hentry"],"aioseo_notices":[],"publishpress_future_workflow_manual_trigger":{"enabledWorkflows":[]},"_links":{"self":[{"href":"https:\/\/www.lehrcare.de\/en\/wp-json\/wp\/v2\/lcjobs\/1116676","targetHints":{"allow":["GET"]}}],"collection":[{"href":"https:\/\/www.lehrcare.de\/en\/wp-json\/wp\/v2\/lcjobs"}],"about":[{"href":"https:\/\/www.lehrcare.de\/en\/wp-json\/wp\/v2\/types\/lcjobs"}],"version-history":[{"count":1,"href":"https:\/\/www.lehrcare.de\/en\/wp-json\/wp\/v2\/lcjobs\/1116676\/revisions"}],"predecessor-version":[{"id":1116677,"href":"https:\/\/www.lehrcare.de\/en\/wp-json\/wp\/v2\/lcjobs\/1116676\/revisions\/1116677"}],"wp:attachment":[{"href":"https:\/\/www.lehrcare.de\/en\/wp-json\/wp\/v2\/media?parent=1116676"}],"curies":[{"name":"wp","href":"https:\/\/api.w.org\/{rel}","templated":true}]}}

Fachlehrkräfte (OLK) verschiedene Fächer SEK II Brüssel
